et x(k) = k**2 + 2*k + 2. Let j be x(-3). Suppose -2*v = 3*n + 3*v - i, j*v - 17 = -2*n. Is n prime?
False
Suppose -q - 3*q = -5*b + 529, 5*b + 5*q = 520. Suppose 3*l + 2*p = b, 4*l - 60 = 4*p + 80. Is l composite?
True
Suppose -3*q = -4*q + 3. Let p be -137 + 3*2/q. Let g = p - -224. Is g a prime number?
True
Suppose 0 = -5*m - 5, 4*w + 1 = -2*m - 5. Let o = -6 + w. Let v(l) = -l**3 - 6*l**2 - l - 1. Is v(o) a prime number?
False
Suppose -s + 2*s = 0. Let n = 14 - s. Is n prime?
False
Let g be (-9296)/(-21)*3/2. Suppose -g = -4*i + 508. Is i prime?
True
Let n = 523 + -260. Is n composite?
False
Let x = 2987 - 1842. Is x prime?
False
Let w be (1/3)/(5/15). Is w*(1 - -1) - -12 prime?
False
Let p = -15 - -17. Is ((-3)/p)/(24/(-848)) a composite number?
False
Let k(m) = m**2 - 9*m - 15. Is k(14) a composite number?
True
Let d = 20 - 18. Suppose 3*l = d*o + 907, -o - 2*o = 6. Is l prime?
False
Let z be (0 - (-3)/6)*22. Is (0 + z)*1*7 a composite number?
True
Let a be 2/(-4)*0 + 0. Let t = 2 + a. Suppose 0 = -5*q + 2*x + 75 + 43, 3*q - 74 = t*x. Is q composite?
True
Suppose -5*w + 15771 = -0*w + 4*k, 3158 = w - 3*k. Is w a prime number?
False
Let y = 19 + -17. Is 0 - -220 - (-1 + y) prime?
False
Let d(r) = r**3 + 4*r**2 + 3*r + 3. Suppose -3*f = -0 + 9. Let a be d(f). Suppose 1 = a*v - 4*w - 58, -v + 3 = 2*w. Is v prime?
True
Suppose 18 = -3*w - 3*u + 81, 0 = -4*w + 2*u + 102. Suppose 2*q + 3*q + w = -x, -x = q + 4. Is 91/4 + x/4 a prime number?
True
Let q be (-1 - (7 + 0)) + 3. Is (-514)/(-10) + 2/q composite?
True
Let g(c) = -c**2 + c. Let j(i) = 9*i**2 + 2*i + 4. Let k(r) = r + 9. Let b be k(-8). Let w(f) = b*j(f) - g(f). Is w(-3) a prime number?
False
Let c be (-42)/(-4)*8/12. Suppose c*f - 3*f - 145 = -3*x, -5*f = 4*x - 193. Is x prime?
True
Suppose 9*i - 8*i - 259 = 0. Is i a prime number?
False
Let u = 991 + -672. Is u composite?
True
Let z(g) be the third derivative of -g**5/60 - g**4/24 + 55*g**3/6 - g**2. Is z(0) composite?
True
Let w(r) = r**3 + 18*r**2 + 3*r - 1. Let q(d) = d**3 + 17*d**2 + 4*d - 1. Let z(v) = 4*q(v) - 3*w(v). Is z(-7) a composite number?
False
Let m(f) be the third derivative of -f**6/120 + 13*f**5/60 + f**4/8 + 2*f**3 - f**2. Let x = 92 + -79. Is m(x) prime?
False
Suppose -8 = 7*o - 3*o. Let f(x) = -x**2 - 4*x + 1. Let s be f(o). Suppose 4*t + s = 153. Is t prime?
True
Let v = -1795 - -3486. Is v a prime number?
False
Let h be (-6)/(-4)*20*1. Is 2742/h - 4/10 composite?
True
Is 1455/(-3)*(-3 + 2 + 0) composite?
True
Suppose -5*o = -1707 - 788. Is o a composite number?
False
Suppose 4 = 3*k - 5. Let l be (-6)/1*(-38)/57. Suppose l*r = k*r + 14. Is r a prime number?
False
Let z = 4 - -2. Let g(x) = x**3 - 6*x**2 + 7*x + 5. Is g(z) prime?
True
Let l = -439 - -885. Is l composite?
True
Let m be 10*(-2 + 5)/6. Suppose m*k - 5*l - 10 = -2*l, -2*l - 6 = -4*k. Is ((-11)/(-4) + k)*68 a prime number?
False
Let c(r) = -160*r - 11. Is c(-24) prime?
False
Suppose 0 = 5*w + 688 - 6983. Is w composite?
False
Is 152 - (0 - -3 - 2 - -2) prime?
True
Let y be 108 + 2 - (0 - 1). Let j be 2*-1 - (-32 + -2). Let s = y - j. Is s composite?
False
Suppose -1447 = -0*f - 3*f - 5*g, -3*f + 1451 = 4*g. Is f a composite number?
True
Let d = 0 + 3. Suppose d*l = -37 + 391. Suppose 3*s - 5*s + l = 0. Is s composite?
False
Let q(n) = n - 2. Let r be q(4). Suppose 0 = a + 10 - 93. Suppose -4*i + 43 - 11 = r*b, i + a = 3*b. Is b prime?
False
Is (-11763)/(-135) - 4/30 composite?
True
Suppose 3*n - n = k + 1045, -n - 4*k = -509. Is n a prime number?
True
Is (-4 - -144) + 3/1 prime?
False
Suppose -5*l - v + 11182 = 0, 11170 = 5*l + 3*v + 2*v. Is l prime?
True
Let f(z) = -2*z**3 - 2*z**2 - z + 4. Let h be f(-8). Suppose 6*j = 2*j + h. Suppose 0 = 2*s - 63 - j. Is s a prime number?
False
Let n(c) = c**3 - 7*c**2 + 3*c - 6. Let h be n(7). Let g be -1 + 2 + 126/2. Let d = g - h. Is d prime?
False
Let h be ((-3)/(-6) + -3)*-2. Suppose h*q - 17 = 378. Is q a prime number?
True
Suppose 5*u - 7 = 2*u - y, -2*u + 5*y - 1 = 0. Suppose 14 = 3*g - u*g. Suppose i + 0*i - g = 0. Is i prime?
False
Let h = 404 + 27. Is h a prime number?
True
Let y = 34 + -18. Let w be (-3)/4 + 29644/y. Suppose 5*q + 377 = w. Is q a prime number?
False
Let d = -3639 - -5357. Let g = 2461 - d. Is g a prime number?
True
Let t(u) = u + 1. Let b be t(1). Suppose 5*f = -k - 2, 3*k + 3*f - b = 4. Suppose 132 = k*y + 21. Is y prime?
True
Is 2/(2 + (-1584)/795) prime?
False
Suppose 4*y - 8012 = 4*w, -3*y = -2*y - 5*w - 2003. Is y a composite number?
False
Let f be (-36)/(-21) + (-4)/(-14). Suppose s - 159 = -f*s. Is s composite?
False
Let q(t) = 118*t + 3. Is q(2) a prime number?
True
Suppose -2*n - y = -2*y - 73, -5*n + 2*y = -180. Let j = 173 - n. Is j a composite number?
False
Suppose 0*c - 88 = 4*c + 5*h, -2*c = 2*h + 42. Let d = -8 - c. Is d a prime number?
False
Suppose 0 = 2*j + 2*x - 138, 2*x - 73 = -j - x. Is j a prime number?
True
Let z(s) = 2 + 6*s + 0*s**2 + s**2 + 1. Is z(-8) composite?
False
Let a be 7 + -3 + -2 + 3. Suppose a*y - 28 = y. Is y a composite number?
False
Let i = -39 - 9. Is 10/(-3)*i/40 a prime number?
False
Suppose -2*g + 0*q - 5*q - 4 = 0, -3*g - 3*q + 3 = 0. Suppose -5*t + 6 = -g*t. Suppose -2*r = 3*x + t*r - 221, -r + 339 = 5*x. Is x a composite number?
False
Suppose 13*c + 755 = 14*c. Is c prime?
False
Suppose -7*s - 1 = -22. Is s prime?
True
Let i = -5 - 3. Is i/(-12) - 2630/(-6) prime?
True
Let n(m) = 9*m - 2. Let y be n(6). Let b = y - 30. Suppose o = b + 15. Is o prime?
True
Let k(a) = 2*a**2 + 4*a - 4. Let d be k(-4). Is (0 - -3)*152/d prime?
False
Let q(j) be the first derivative of j**2/2 - 4*j + 4. Let d be q(4). Suppose 0 = 4*o + 3*k - 104 - 36, 4*o - k - 140 = d. Is o composite?
True
Let t(q) = -q**3 + 12*q**2 - 14*q + 14. Let j be t(10). Suppose 41 = 5*l - j. Is l a prime number?
True
Let n be 1/(4/(-5) - -1). Suppose -3*v + 51 = 3*b - 51, 0 = -n*b - 2*v + 158. Suppose -b = -w - 4*t + 25, 2*t = 3*w - 207. Is w a prime number?
True
Is (70/(-15))/(2/(-321)) composite?
True
Suppose -4*q = -6*q + 214. Let g = 270 - q. Is g a composite number?
False
Suppose h + 4 = 3*h. Let x be (-30)/(-8) + 6/(-8). Suppose x*b = 5*v - 95, -h*v - 2*b + 38 = -0*v. Is v composite?
False
Let j(d) be the first derivative of 7*d**3/3 + 3*d**2 - 4*d + 1. Let t be j(4). Suppose -2*i + t = 2*p, 2*p - 93 = 2*i + 43. Is p a prime number?
True
Let o = 2 - 6. Let x(y) = 5*y**2 - y + 1. Let k(b) = 14*b**2 - 4*b + 2. Let p(u) = 6*k(u) - 17*x(u). Is p(o) composite?
False
Suppose 6*g = 4*g + 294. Is 4/(-1 + g/141) a prime number?
False
Let c = -2 - -24. Is c composite?
True
Let c be 3/5 - 156/60. Is 9477/45 - c/5 a prime number?
True
Suppose 4*k - 25 = -9. Let c be 28*(0 + 3/k). Is (-149)/(-7) - 6/c a composite number?
True
Let l(m) = m**3 + 22*m**2 - 4*m - 20. Is l(-9) composite?
False
Let x = 107 - -20. Is x prime?
True
Suppose 2 = g, a - 4*g = -2*a + 3823. Is a a prime number?
True
Suppose 0 = 3*r - 9 - 3. Let h(t) = 4 + 8*t - 9 - 2*t**2 + r*t**2. Is h(-6) a composite number?
False
Let r(b) = 25*b - 4. Is r(9) composite?
True
Suppose 2*q + o = -q - 13, -5*q + o = 11. Let x(d) = -9*d**3 - 2*d**2 + 2*d - 4. Is x(q) prime?
False
Let m be 10/(-8)*4/(-1). Suppose w - 2 = -2*a, -2*a + 1 - m = 2*w. Let d(c) = -7*c - 9. Is d(w) composite?
True
Let c be 2/(24/(-9) + 3). Let i = c + 33. Is i a prime number?
False
Let k(a) = 2*a**3 - 17*a**2 + 7*a - 21. Let y(l) = -3*l**3 + 26*l**2 - 11*l + 32. Let n(r) = 8*k(r) + 5*y(r). Let z be n(6). Is (-19)/((-1)/(-2)*z) prime?
True
Suppose -180 = -4*u + u. Let y be (-3)/(9/u) + -2. Is (2 - 3)/(2/y) composite?
False
Let m(v) be the second derivative of 17*v**3/6 - 13*v**2/2 + 5*v. Is m(10) prime?
True
Let p be (-4)/(-18) - 352/(-36). Suppose 0 = -o + 49 - p. Is o composite?
True
Suppose -20 = -l + 2*z, -2*l + 70 = 2*l + 2*z. Suppose 9 = 3*r - l. Is r prime?
False
Let z = -106 + 165. Is z a composite number?
False
Suppose 0 = 5*q - 10*q. Let n be (-12)/3 + q + -2. Is n/8*(-40)/5 a composite number?
True
Let p(t) = -t**2 - t - 1. Let i be p(-1). Let q be 738 - (i + (2 - 0)). Suppose 4*n + q = 5*m, -5*n + 199 = 4*m - 366. Is m composite?
True
Let l = 10 + -14. Let z be (25/3)/(l/12). Let x = z - -59. Is x a prime number?
False
Let g be -3*(1 + 6/(-3)). Sup